ivided by a.
9
Suppose 2*c = -y - 3*c + 2, 5*y = 2*c + 37. Suppose -5*w - 3*w + 104 = 0. Calculate the remainder when w is divided by y.
6
Let z(s) = 19*s - 2. Suppose -4*f - 4*o = -24 + 8, -f + 4 = -o. Calculate the remainder when z(f) is divided by 19.
17
Let q(h) = 2*h**2 + 4*h - 1. Let g(i) = 24*i**2 - i. Let n be g(1). Let t = 39 - n. Calculate the remainder when q(-6) is divided by t.
15
Suppose -2*x + i = -59, -4*x + 4*i + 23 = -89. Suppose 0 = y - 0*y + 4, 5*v + 169 = -y. Let d = -25 - v. What is the remainder when x is divided by d?
7
Suppose -s = 3*g - 0*s - 53, -92 = -4*g + 4*s. Let x(w) = -w**3 - w**2 + 3*w + 36. What is the remainder when x(0) is divided by g?
17
Let v = -2 + 35. What is the remainder when 65 is divided by v?
32
Let l(o) = o**3 - 26*o**2 + 52*o - 4. Calculate the remainder when l(24) is divided by 24.
20
Let k(f) = f**2 + f. Let n(c) = 3*c**2 + 4*c + 2. Calculate the remainder when n(-3) is divided by k(2).
5
Suppose 5*n + 163 = -2*w + 606, -w + 228 = -4*n. Let l = w - 157. Calculate the remainder when l is divided by 23.
21
Suppose 0 = -3*c + 5*y + 13, 5*c = c - 2*y. Let g(v) = -2*v - 7. Let t be g(-5). What is the remainder when 2 + 19 - (c - t) is divided by 6?
5
Suppose -5*u + 78 = -47. Suppose 3*c - 2*h - 75 = 0, 0*c = c + 3*h - u. Calculate the remainder when c is divided by 13.
12
Suppose -49 = -2*m + y, -2*m - y = 2*m - 83. Calculate the remainder when m is divided by 9.
4
Suppose 0 = -3*z + 3*w + 234, 5*z = -0*w + 4*w + 386. Let g(m) = -6*m - 5. Calculate the remainder when z is divided by g(-5).
24
Let j(w) = 4*w**2 + 6*w + 6. Let p be j(-4). Let l = -27 + p. Let z(t) = -t**3 - t**2 - t + 56. What is the remainder when z(0) is divided by l?
18
Let h(j) = -j**3 - 5*j**2 + 6*j - 4. Let l be h(-6). Let k be 3/9*(l - -1). What is the remainder when 18 is divided by 10 + k + 2 + -1?
8
Let r be 28/(-21)*(-3)/2. Suppose -r*u + 100 = 2*u. What is the remainder when u is divided by 13?
12
Calculate the remainder when 20 is divided by 2 - (6/(-3) + -3).
6
Suppose 2*m = 4*h - 44, h + h = -4*m + 12. Calculate the remainder when 27 is divided by h.
7
Suppose 2*r - 87 = 69. Calculate the remainder when r is divided by 16.
14
Suppose -n - 3*m + 80 = 0, -5*n + 303 = m - 55. Calculate the remainder when n is divided by 8.
7
Suppose -4*l = 5*a - 99, -7*a + 76 = -3*a + 4*l. Suppose -2*j = -a - 55. What is the remainder when j is divided by 10?
9
Suppose n - 40 = 4*n + c, 2*c + 52 = -4*n. Calculate the remainder when (-172)/n - (-2)/(-7) is divided by 5.
2
Suppose -12 = -5*w + 4*q - 99, q = -2. Let v = w - -36. Calculate the remainder when 50 is divided by v.
16
Let u be (-3)/(-15) - (-11)/(-5). Let p(f) = f**2 + 2*f + 1. What is the remainder when 0 + 16 + (-2)/u is divided by p(2)?
8
Let r(g) = 3*g + 50. What is the remainder when 108 is divided by r(-12)?
10
Let b = -89 + 274. Suppose -4*n = n - b. Let o = 14 + -1. What is the remainder when n is divided by o?
11
Let a = 47 - 33. What is the remainder when 24 is divided by a?
10
Suppose 109 = -3*u + 2*u. Let o = -68 + -10. Let y = o - u. What is the remainder when y is divided by 11?
9
Let y = 6 - -2. Let t = y - 3. What is the remainder when -2*(-1)/(-2)*-13 is divided by t?
3
Suppose -2*t + 3*t + 4*b = 15, 3*b = -2*t + 15. Suppose f = -t*r + 20, 5*f = f + 3*r + 35. What is the remainder when f is divided by 7?
4
Suppose q + 3 = 2*q, 4*c - 3*q + 153 = 0. What is the remainder when 20 is divided by 4/(-18) - 260/c?
6
Let m(f) be the first derivative of -f**2/2 - 4*f + 2. Let v be m(-3). Calculate the remainder when (-12 + 2)*v - 0 is divided by 4.
2
Suppose c - 4*c - 6 = 0. Let v(x) be the third derivative of -5*x**4/24 - x**3/2 + 5*x**2. Calculate the remainder when 12 is divided by v(c).
5
Let l(d) = -3*d**3 - d**2 + 3*d + 1. Let s = -3 - -6. Suppose -3*r + 33 = 5*v - 16, v + 1 = s*r. Calculate the remainder when l(-2) is divided by v.
7
Suppose 5*n = 2*r - 7, 3*n = 5*r - 17 - 10. Calculate the remainder when r is divided by 3.
0
Suppose -1 - 11 = -x. Suppose 4*a - 5*g = -a + 45, -3*g = x. Calculate the remainder when 14 is divided by a.
4
Suppose 0 = 4*y - 21 - 35. What is the remainder when 55 is divided by y?
13
Suppose -4*v + 106 = -34. What is the remainder when v is divided by ((-9)/5)/(4/(-40))?
17
Let l(y) = -2*y**3 + 7*y**2 - 5*y - 6. Let d(a) = -a**3 + 8*a**2 - 4*a - 7. Let h(z) = 3*d(z) - 2*l(z). Calculate the remainder when 31 is divided by h(-10).
9
Let s(p) = 23*p**3 + p**2 - p. What is the remainder when 44 is divided by s(1)?
21
Let b = 7 - 11. Let c = -8 - b. Let h = c - -9. What is the remainder when h is divided by 3?
2
Suppose 41 + 79 = 3*d. What is the remainder when 78 is divided by d?
38
Suppose 2*k - 6*k + 12 = 0. Let x = -1 + k. Suppose 5*j - 54 = -3*g, -5*j + x*g + g = -66. Calculate the remainder when 22 is divided by j.
10
Suppose 2*o + o + 27 = 0. Calculate the remainder when (-3)/o + (-107)/(-3) is divided by 19.
17
Let y(a) = a**2 - a + 17. Suppose 0 = 5*h + p - 3*p - 2, -2*h + 5*p + 5 = 0. What is the remainder when 64/(3 + -1) - -1 is divided by y(h)?
16
Suppose 2*r + 2*r = 12. What is the remainder when 6 is divided by r?
0
Let c(x) = x**2 - 3*x. Let v be c(3). Let y = v + 3. Suppose -42 = -5*t - 2*d, 6*t = 2*t - 3*d + 35. Calculate the remainder when t is divided by y.
2
Suppose 19 = 3*v - 14. Let a(k) = 11*k - 3. What is the remainder when a(3) is divided by v?
8
Suppose 20 = 2*r + 4*w, r - 3*w - 62 = -3*r. Calculate the remainder when (-3 + 6)*41/3 is divided by r.
13
Suppose -j = 4*m + 3*j - 40, 14 = 3*m - j. Calculate the remainder when (-30)/1*6/(-18) is divided by m.
4
Let u = 7 + 15. Suppose -4*q - 54 = -7*q. What is the remainder when u is divided by (-48)/(-18)*q/4?
10
Let f(y) = 13*y**2 - 6*y**2 - 6*y**2 + 15 + 2*y. Calculate the remainder when 44 is divided by f(0).
14
Let r(b) = 6*b - 13. What is the remainder when 99 is divided by r(5)?
14
Let h(i) = 2*i - 4. Let q(k) = -2*k + 4. Let p(o) = 4*h(o) + 3*q(o). Calculate the remainder when 11 is divided by p(5).
5
Let g(m) = m**2 - 6*m + 8. Let w be g(6). Suppose -7*h + w*h - 21 = 0. Calculate the remainder when h is divided by 6.
3
Let k = 55 - 32. Calculate the remainder when k is divided by 6.
5
Let k = 86 + -83. Let a = -8 - -6. Let y(g) = 2*g**2 + 2*g + 1. What is the remainder when y(a) is divided by k?
2
Let s = 64 - 33. Let q = s - 19. Calculate the remainder when 47 is divided by q.
11
Let v(n) = -30*n - 6. Let k be v(-4). Let o be (1 - (-1 + 6))*(0 + -1). Suppose -o*u + u = -k. What is the remainder when u is divided by 10?
8
Suppose 2*h - 4*h - c = 124, 260 = -4*h + 4*c. Let u = -20 - h. What is the remainder when u is divided by 22?
21
Suppose 124 = -t + 5*t. Suppose 3*b + 3*k = 57, 0*b - 5*k = 2*b - 29. Let u = b + -11. What is the remainder when t is divided by u?
9
Let m = -3 - -15. What is the remainder when 15 is divided by m?
3
Let a(u) = 2*u**2 - 6*u + 5. What is the remainder when 22 is divided by a(3)?
2
Let m(r) = 6*r**2 + 4*r - 3. Let q be m(2). Suppose 3*x - 1 - q = 0. Let a(i) = 2*i**2 - i - 3. What is the remainder when a(-3) is divided by x?
8
Suppose -4*i + 5*i = -4*j + 2, 16 = 3*i + 2*j. Calculate the remainder when 12 is divided by i.
0
Calculate the remainder when (-127)/(-5) + (-63)/(-105) is divided by 7.
5
Let x(j) = -19*j. Calculate the remainder when x(-1) is divided by 6.
1
Let a be ((-3)/6)/((-1)/122). Suppose a - 1 = 3*x. Calculate the remainder when 38 is divided by x.
18
Suppose -3*q - 2*y = -y - 47, 15 = q + y. What is the remainder when 94 is divided by q?
14
Suppose -8*k = -4*k. Let y = k - -2. Calculate the remainder when 2 is divided by y.
0
Suppose 5*i - 130 = -0*i. What is the remainder when i is divided by 7?
5
Suppose -2*d = 0, -2*k + 36 = 3*d - 6. Calculate the remainder when k is divided by 4.
1
Suppose 148 = 5*p - 57. Suppose 3 - 1 = 2*j. Let y = 15 - j. Calculate the remainder when p is divided by y.
13
Suppose o - 3 = -0*o. Let w(d) = 53*d. What is the remainder when w(1) is divided by (-1)/(55/(-18) + o)?
17
Suppose -8*t + 18 = -2*t. Let l = 15 - 8. Calculate the remainder when l is divided by t.
1
Suppose -z + 50 = 5*o, o = 4*o - 4*z - 30. What is the remainder when 69 is divided by o?
9
Suppose -6*f - 122 = -8*f. 